{"id":800,"date":"2021-09-01T20:08:09","date_gmt":"2021-09-01T23:08:09","guid":{"rendered":"https:\/\/ceasa.org.br\/livraria\/produto\/o-perispirito-e-suas-modelacoes\/"},"modified":"2024-06-05T16:00:36","modified_gmt":"2024-06-05T19:00:36","slug":"o-perispirito-e-suas-modelacoes","status":"publish","type":"product","link":"https:\/\/ceasa.org.br\/livraria\/produto\/o-perispirito-e-suas-modelacoes\/","title":{"rendered":"O PERISP\u00cdRITO E SUAS MODELA\u00c7\u00d5ES"},"content":{"rendered":"<p>AUTOR: LUIZ GONZAGA PINHEIRO<\/p>\n","protected":false},"excerpt":{"rendered":"<p>AUTOR: LUIZ GONZAGA PINHEIRO<\/p>\n","protected":false},"featured_media":1166,"comment_status":"open","ping_status":"closed","template":"","meta":[],"product_brand":[],"product_cat":[26],"product_tag":[],"class_list":{"0":"post-800","1":"product","2":"type-product","3":"status-publish","4":"has-post-thumbnail","6":"product_cat-sem-categoria","8":"first","9":"instock","10":"taxable","11":"shipping-taxable","12":"purchasable","13":"product-type-simple"},"_links":{"self":[{"href":"https:\/\/ceasa.org.br\/livraria\/wp-json\/wp\/v2\/product\/800","targetHints":{"allow":["GET"]}}],"collection":[{"href":"https:\/\/ceasa.org.br\/livraria\/wp-json\/wp\/v2\/product"}],"about":[{"href":"https:\/\/ceasa.org.br\/livraria\/wp-json\/wp\/v2\/types\/product"}],"replies":[{"embeddable":true,"href":"https:\/\/ceasa.org.br\/livraria\/wp-json\/wp\/v2\/comments?post=800"}],"wp:featuredmedia":[{"embeddable":true,"href":"https:\/\/ceasa.org.br\/livraria\/wp-json\/wp\/v2\/media\/1166"}],"wp:attachment":[{"href":"https:\/\/ceasa.org.br\/livraria\/wp-json\/wp\/v2\/media?parent=800"}],"wp:term":[{"taxonomy":"product_brand","embeddable":true,"href":"https:\/\/ceasa.org.br\/livraria\/wp-json\/wp\/v2\/product_brand?post=800"},{"taxonomy":"product_cat","embeddable":true,"href":"https:\/\/ceasa.org.br\/livraria\/wp-json\/wp\/v2\/product_cat?post=800"},{"taxonomy":"product_tag","embeddable":true,"href":"https:\/\/ceasa.org.br\/livraria\/wp-json\/wp\/v2\/product_tag?post=800"}],"curies":[{"name":"wp","href":"https:\/\/api.w.org\/{rel}","templated":true}]}}