{"id":743,"date":"2021-09-01T20:07:47","date_gmt":"2021-09-01T23:07:47","guid":{"rendered":"https:\/\/ceasa.org.br\/livraria\/produto\/obsessao-o-passe-a-doutrinacao\/"},"modified":"2025-07-14T19:21:34","modified_gmt":"2025-07-14T22:21:34","slug":"obsessao-o-passe-a-doutrinacao","status":"publish","type":"product","link":"https:\/\/ceasa.org.br\/livraria\/produto\/obsessao-o-passe-a-doutrinacao\/","title":{"rendered":"OBSESS\u00c3O &#8211; O PASSE &#8211; A DOUTRINA\u00c7\u00c3O"},"content":{"rendered":"<p>AUTOR: HERCULANO PIRES<\/p>\n","protected":false},"excerpt":{"rendered":"<p>AUTOR: HERCULANO PIRES<\/p>\n","protected":false},"featured_media":1147,"comment_status":"open","ping_status":"closed","template":"","meta":[],"product_brand":[],"product_cat":[26],"product_tag":[],"class_list":{"0":"post-743","1":"product","2":"type-product","3":"status-publish","4":"has-post-thumbnail","6":"product_cat-sem-categoria","8":"first","9":"outofstock","10":"taxable","11":"shipping-taxable","12":"purchasable","13":"product-type-simple"},"_links":{"self":[{"href":"https:\/\/ceasa.org.br\/livraria\/wp-json\/wp\/v2\/product\/743","targetHints":{"allow":["GET"]}}],"collection":[{"href":"https:\/\/ceasa.org.br\/livraria\/wp-json\/wp\/v2\/product"}],"about":[{"href":"https:\/\/ceasa.org.br\/livraria\/wp-json\/wp\/v2\/types\/product"}],"replies":[{"embeddable":true,"href":"https:\/\/ceasa.org.br\/livraria\/wp-json\/wp\/v2\/comments?post=743"}],"wp:featuredmedia":[{"embeddable":true,"href":"https:\/\/ceasa.org.br\/livraria\/wp-json\/wp\/v2\/media\/1147"}],"wp:attachment":[{"href":"https:\/\/ceasa.org.br\/livraria\/wp-json\/wp\/v2\/media?parent=743"}],"wp:term":[{"taxonomy":"product_brand","embeddable":true,"href":"https:\/\/ceasa.org.br\/livraria\/wp-json\/wp\/v2\/product_brand?post=743"},{"taxonomy":"product_cat","embeddable":true,"href":"https:\/\/ceasa.org.br\/livraria\/wp-json\/wp\/v2\/product_cat?post=743"},{"taxonomy":"product_tag","embeddable":true,"href":"https:\/\/ceasa.org.br\/livraria\/wp-json\/wp\/v2\/product_tag?post=743"}],"curies":[{"name":"wp","href":"https:\/\/api.w.org\/{rel}","templated":true}]}}